{"id":385,"date":"2021-10-14T10:25:12","date_gmt":"2021-10-14T10:25:12","guid":{"rendered":"https:\/\/61307986s.tzeka.com.tr\/?page_id=385"},"modified":"2021-11-04T12:45:25","modified_gmt":"2021-11-04T12:45:25","slug":"giris","status":"publish","type":"page","link":"https:\/\/bebek.com\/bebeveynakademi\/giris\/","title":{"rendered":"Giri\u015f"},"content":{"rendered":"\r\n<div class=\"um um-login um-9\">\r\n\r\n\t<div class=\"um-form\">\r\n\r\n\t\t<form method=\"post\" action=\"\" autocomplete=\"off\">\r\n\r\n\t\t\t<div class=\"um-row _um_row_1 \" style=\"margin: 0 0 30px 0;\"><div class=\"um-col-1\"><div  id=\"um_field_9_username\" class=\"um-field um-field-text  um-field-username um-field-text um-field-type_text\" data-key=\"username\"><div class=\"um-field-label\"><label for=\"username-9\">Bebek.com kullan\u0131c\u0131 ad\u0131 veya e-postas\u0131<\/label><div class=\"um-clear\"><\/div><\/div><div class=\"um-field-area\"><input  autocomplete=\"off\" class=\"um-form-field valid \" type=\"text\" name=\"username-9\" id=\"username-9\" value=\"\" placeholder=\"\" data-validate=\"unique_username_or_email\" data-key=\"username\" \/>\r\n\r\n\t\t\t\t\t\t<\/div><\/div><div  id=\"um_field_9_user_password\" class=\"um-field um-field-password  um-field-user_password um-field-password um-field-type_password\" data-key=\"user_password\"><div class=\"um-field-label\"><label for=\"user_password-9\">Bebek.com \u015fifreniz<\/label><div class=\"um-clear\"><\/div><\/div><div class=\"um-field-area\"><input class=\"um-form-field valid \" type=\"password\" name=\"user_password-9\" id=\"user_password-9\" value=\"\" placeholder=\"\" data-validate=\"\" data-key=\"user_password\" \/>\r\n\r\n\t\t\t\t\t\t<\/div><\/div><\/div><\/div>\t\t<input type=\"hidden\" name=\"form_id\" id=\"form_id_9\" value=\"9\" \/>\r\n\t\r\n\t<p class=\"um_request_name\">\r\n\t\t<label for=\"um_request_9\">Only fill in if you are not human<\/label>\r\n\t\t<input type=\"hidden\" name=\"um_request\" id=\"um_request_9\" class=\"input\" value=\"\" size=\"25\" autocomplete=\"off\" \/>\r\n\t<\/p>\r\n\r\n\t<input type=\"hidden\" name=\"redirect_to\" id=\"redirect_to\" value=\"\/aylar\" \/><input type=\"hidden\" id=\"_wpnonce\" name=\"_wpnonce\" value=\"5a2b3bd1c8\" \/><input type=\"hidden\" name=\"_wp_http_referer\" value=\"\/bebeveynakademi\/wp-json\/wp\/v2\/pages\/385\" \/>\r\n\t<div class=\"um-col-alt\">\r\n\r\n\t\t\r\n\r\n\t\t\t<div class=\"um-field um-field-c\">\r\n\t\t\t\t<div class=\"um-field-area\">\r\n\t\t\t\t\t<label class=\"um-field-checkbox\">\r\n\t\t\t\t\t\t<input type=\"checkbox\" name=\"rememberme\" value=\"1\"  \/>\r\n\t\t\t\t\t\t<span class=\"um-field-checkbox-state\"><i class=\"um-icon-android-checkbox-outline-blank\"><\/i><\/span>\r\n\t\t\t\t\t\t<span class=\"um-field-checkbox-option\"> Oturumu a\u00e7\u0131k tut<\/span>\r\n\t\t\t\t\t<\/label>\r\n\t\t\t\t<\/div>\r\n\t\t\t<\/div>\r\n\r\n\t\t\t\t\t\t<div class=\"um-clear\"><\/div>\r\n\t\t\r\n\t\t\t<div class=\"um-center\">\r\n\t\t\t\t<input type=\"submit\" value=\"Giri\u015f Yap\" class=\"um-button\" id=\"um-submit-btn\" \/>\r\n\t\t\t<\/div>\r\n\r\n\t\t\r\n\t\t<div class=\"um-clear\"><\/div>\r\n\r\n\t<\/div>\r\n\r\n\t\r\n\t\t<\/form>\r\n\r\n\t<\/div>\r\n\r\n<\/div><style type=\"text\/css\">\r\n.um-9.um {\r\n\tmax-width: 450px;\r\n}<\/style>\r\n\n","protected":false},"excerpt":{"rendered":"","protected":false},"author":19,"featured_media":0,"parent":0,"menu_order":0,"comment_status":"closed","ping_status":"closed","template":"","meta":{"_mi_skip_tracking":false,"footnotes":""},"class_list":["post-385","page","type-page","status-publish","hentry"],"yoast_head":"<!-- This site is optimized with the Yoast SEO plugin v19.5.1 - https:\/\/yoast.com\/wordpress\/plugins\/seo\/ -->\n<title>Giri\u015f - Bebeveyn Akademi<\/title>\n<meta name=\"robots\" content=\"noindex, follow, max-snippet:-1, max-image-preview:large, max-video-preview:-1\" \/>\n<meta property=\"og:locale\" content=\"tr_TR\" \/>\n<meta property=\"og:type\" content=\"article\" \/>\n<meta property=\"og:title\" content=\"Giri\u015f - Bebeveyn Akademi\" \/>\n<meta property=\"og:url\" content=\"https:\/\/bebek.com\/bebeveynakademi\/giris\/\" \/>\n<meta property=\"og:site_name\" content=\"Bebeveyn Akademi\" \/>\n<meta property=\"article:modified_time\" content=\"2021-11-04T12:45:25+00:00\" \/>\n<meta name=\"twitter:card\" content=\"summary_large_image\" \/>\n<script type=\"application\/ld+json\" class=\"yoast-schema-graph\">{\"@context\":\"https:\/\/schema.org\",\"@graph\":[{\"@type\":\"WebPage\",\"@id\":\"https:\/\/bebek.com\/bebeveynakademi\/giris\/\",\"url\":\"https:\/\/bebek.com\/bebeveynakademi\/giris\/\",\"name\":\"Giri\u015f - Bebeveyn Akademi\",\"isPartOf\":{\"@id\":\"https:\/\/bebek.com\/bebeveynakademi\/#website\"},\"datePublished\":\"2021-10-14T10:25:12+00:00\",\"dateModified\":\"2021-11-04T12:45:25+00:00\",\"breadcrumb\":{\"@id\":\"https:\/\/bebek.com\/bebeveynakademi\/giris\/#breadcrumb\"},\"inLanguage\":\"tr\",\"potentialAction\":[{\"@type\":\"ReadAction\",\"target\":[\"https:\/\/bebek.com\/bebeveynakademi\/giris\/\"]}]},{\"@type\":\"BreadcrumbList\",\"@id\":\"https:\/\/bebek.com\/bebeveynakademi\/giris\/#breadcrumb\",\"itemListElement\":[{\"@type\":\"ListItem\",\"position\":1,\"name\":\"Anasayfa\",\"item\":\"https:\/\/bebek.com\/bebeveynakademi\/\"},{\"@type\":\"ListItem\",\"position\":2,\"name\":\"Giri\u015f\"}]},{\"@type\":\"WebSite\",\"@id\":\"https:\/\/bebek.com\/bebeveynakademi\/#website\",\"url\":\"https:\/\/bebek.com\/bebeveynakademi\/\",\"name\":\"Bebeveyn Akademi\",\"description\":\"\",\"publisher\":{\"@id\":\"https:\/\/bebek.com\/bebeveynakademi\/#organization\"},\"potentialAction\":[{\"@type\":\"SearchAction\",\"target\":{\"@type\":\"EntryPoint\",\"urlTemplate\":\"https:\/\/bebek.com\/bebeveynakademi\/?s={search_term_string}\"},\"query-input\":\"required name=search_term_string\"}],\"inLanguage\":\"tr\"},{\"@type\":\"Organization\",\"@id\":\"https:\/\/bebek.com\/bebeveynakademi\/#organization\",\"name\":\"Bebeveyn Akademi\",\"url\":\"https:\/\/bebek.com\/bebeveynakademi\/\",\"sameAs\":[],\"logo\":{\"@type\":\"ImageObject\",\"inLanguage\":\"tr\",\"@id\":\"https:\/\/bebek.com\/bebeveynakademi\/#\/schema\/logo\/image\/\",\"url\":\"https:\/\/bebek.com\/bebeveynakademi\/wp-content\/uploads\/2021\/10\/cropped-logo.png\",\"contentUrl\":\"https:\/\/bebek.com\/bebeveynakademi\/wp-content\/uploads\/2021\/10\/cropped-logo.png\",\"width\":341,\"height\":156,\"caption\":\"Bebeveyn Akademi\"},\"image\":{\"@id\":\"https:\/\/bebek.com\/bebeveynakademi\/#\/schema\/logo\/image\/\"}}]}<\/script>\n<!-- \/ Yoast SEO plugin. -->","yoast_head_json":{"title":"Giri\u015f - Bebeveyn Akademi","robots":{"index":"noindex","follow":"follow","max-snippet":"max-snippet:-1","max-image-preview":"max-image-preview:large","max-video-preview":"max-video-preview:-1"},"og_locale":"tr_TR","og_type":"article","og_title":"Giri\u015f - Bebeveyn Akademi","og_url":"https:\/\/bebek.com\/bebeveynakademi\/giris\/","og_site_name":"Bebeveyn Akademi","article_modified_time":"2021-11-04T12:45:25+00:00","twitter_card":"summary_large_image","schema":{"@context":"https:\/\/schema.org","@graph":[{"@type":"WebPage","@id":"https:\/\/bebek.com\/bebeveynakademi\/giris\/","url":"https:\/\/bebek.com\/bebeveynakademi\/giris\/","name":"Giri\u015f - Bebeveyn Akademi","isPartOf":{"@id":"https:\/\/bebek.com\/bebeveynakademi\/#website"},"datePublished":"2021-10-14T10:25:12+00:00","dateModified":"2021-11-04T12:45:25+00:00","breadcrumb":{"@id":"https:\/\/bebek.com\/bebeveynakademi\/giris\/#breadcrumb"},"inLanguage":"tr","potentialAction":[{"@type":"ReadAction","target":["https:\/\/bebek.com\/bebeveynakademi\/giris\/"]}]},{"@type":"BreadcrumbList","@id":"https:\/\/bebek.com\/bebeveynakademi\/giris\/#breadcrumb","itemListElement":[{"@type":"ListItem","position":1,"name":"Anasayfa","item":"https:\/\/bebek.com\/bebeveynakademi\/"},{"@type":"ListItem","position":2,"name":"Giri\u015f"}]},{"@type":"WebSite","@id":"https:\/\/bebek.com\/bebeveynakademi\/#website","url":"https:\/\/bebek.com\/bebeveynakademi\/","name":"Bebeveyn Akademi","description":"","publisher":{"@id":"https:\/\/bebek.com\/bebeveynakademi\/#organization"},"potentialAction":[{"@type":"SearchAction","target":{"@type":"EntryPoint","urlTemplate":"https:\/\/bebek.com\/bebeveynakademi\/?s={search_term_string}"},"query-input":"required name=search_term_string"}],"inLanguage":"tr"},{"@type":"Organization","@id":"https:\/\/bebek.com\/bebeveynakademi\/#organization","name":"Bebeveyn Akademi","url":"https:\/\/bebek.com\/bebeveynakademi\/","sameAs":[],"logo":{"@type":"ImageObject","inLanguage":"tr","@id":"https:\/\/bebek.com\/bebeveynakademi\/#\/schema\/logo\/image\/","url":"https:\/\/bebek.com\/bebeveynakademi\/wp-content\/uploads\/2021\/10\/cropped-logo.png","contentUrl":"https:\/\/bebek.com\/bebeveynakademi\/wp-content\/uploads\/2021\/10\/cropped-logo.png","width":341,"height":156,"caption":"Bebeveyn Akademi"},"image":{"@id":"https:\/\/bebek.com\/bebeveynakademi\/#\/schema\/logo\/image\/"}}]}},"_links":{"self":[{"href":"https:\/\/bebek.com\/bebeveynakademi\/wp-json\/wp\/v2\/pages\/385","targetHints":{"allow":["GET"]}}],"collection":[{"href":"https:\/\/bebek.com\/bebeveynakademi\/wp-json\/wp\/v2\/pages"}],"about":[{"href":"https:\/\/bebek.com\/bebeveynakademi\/wp-json\/wp\/v2\/types\/page"}],"author":[{"embeddable":true,"href":"https:\/\/bebek.com\/bebeveynakademi\/wp-json\/wp\/v2\/users\/19"}],"replies":[{"embeddable":true,"href":"https:\/\/bebek.com\/bebeveynakademi\/wp-json\/wp\/v2\/comments?post=385"}],"version-history":[{"count":1,"href":"https:\/\/bebek.com\/bebeveynakademi\/wp-json\/wp\/v2\/pages\/385\/revisions"}],"predecessor-version":[{"id":386,"href":"https:\/\/bebek.com\/bebeveynakademi\/wp-json\/wp\/v2\/pages\/385\/revisions\/386"}],"wp:attachment":[{"href":"https:\/\/bebek.com\/bebeveynakademi\/wp-json\/wp\/v2\/media?parent=385"}],"curies":[{"name":"wp","href":"https:\/\/api.w.org\/{rel}","templated":true}]}}